y + 468, -c*j - 5*y + 7*y + 801 = 0. What is the remainder when j is divided by 32?
31
Suppose 20*h - 82 = 18. What is the remainder when -2*22/(-2)*1 is divided by h?
2
Let p be 12*-6*1/(-9). Let g = p - 2. Suppose 4*c = 2*o + g, 5*c + 2 = -3*o + 26. What is the remainder when 6 is divided by c?
0
Let o = 24 + -100. Let b = o - -124. What is the remainder when b is divided by 19?
10
What is the remainder when (90 + -71)*(14 + -1) is divided by 79?
10
Suppose -2*v + 95 = 5*l, -4*v + 138 = 2*l - 12. Suppose -d + 4*d - 309 = 0. Calculate the remainder when d is divided by v.
33
Let w be ((-138)/4)/((-3)/(-6)). Let p = w + 75. Calculate the remainder when 228/30 - (-4)/10 is divided by p.
2
Suppose x = 8 - 34. Let h = x - -30. What is the remainder when 5 is divided by h?
1
Let c be 992/(-6) + 9/27. What is the remainder when c/(-10)*(-4)/(-2) is divided by 7?
5
Suppose 0 = -3*s - s + 136. Calculate the remainder when s is divided by 6/45 + (-266)/(-30).
7
Suppose -24 = 2*j + 6. Let v(a) = a**3 + 15*a**2 - a + 1. Calculate the remainder when 62 is divided by v(j).
14
Suppose 15*s = -3*y + 18*s + 468, 0 = 4*y + 3*s - 596. Calculate the remainder when y is divided by 53.
46
Suppose -36 = -2*v + 88. Let w(k) = k**3 + 4*k**2 - 13*k - 24. Calculate the remainder when v is divided by w(-5).
14
Let q = 1800 + -1763. What is the remainder when 469 is divided by q?
25
Let t = -125 - -164. What is the remainder when 114 is divided by t?
36
What is the remainder when 38 is divided by 2/(-1) - -15 - (-166 + 159)?
18
Calculate the remainder when 98 is divided by 4/(-14) - ((-12224)/56)/8.
17
Suppose -z - 101 = -5*h, -4 = -0*z + 4*z. Calculate the remainder when 15/(-3)*(-248)/h is divided by (-1998)/(-126) + (-1)/(-7).
14
Let u(y) = y**3 - 22*y**2 + 43*y - 41. Calculate the remainder when (-4)/(-10) + 1089/15 is divided by u(20).
16
Suppose 4*k - 3*k - 144 = 0. Suppose -4*a = k - 1040. Suppose -a = -6*n + 40. Calculate the remainder when n is divided by 23.
21
Let f(i) = -i**3 + 9*i**2 - 6*i + 4. Suppose -254 - 418 = -42*p. What is the remainder when f(8) is divided by p?
4
Let n(i) = -i**3 - 26*i**2 - 27*i - 42. Let z(y) = -2*y + 1. What is the remainder when z(-6) is divided by n(-25)?
5
Let l(u) = 6*u**2 - 2*u + 3. Let z(r) = -3*r + 9. Calculate the remainder when l(-5) is divided by z(-2).
13
Let x = 14 - 10. Suppose 4*b + 48 = 2*k, 0 = k - x*k + 4*b + 62. Let m(q) = 5*q - 55. What is the remainder when m(22) is divided by k?
13
Let h(y) = y + 8. Let i be h(6). Let d = i - -6. Calculate the remainder when (-12)/8*70/(-3) is divided by d.
15
What is the remainder when 0 - 845/(-3) - 166/249 is divided by 47?
46
Suppose -5 = -5*k + 20. Suppose -2 = k*u - 7. What is the remainder when 8 is divided by -4*2/(-4)*u?
0
What is the remainder when 21 is divided by 4 + 36/15 - 6/(-10)?
0
Let t be (-1 - 0)/(-3 + 2). Let o(v) be the first derivative of 10*v**2 - 2*v - 23. What is the remainder when 51 is divided by o(t)?
15
Let o = -13 - -14. Let l(u) = -2*u - 3. Let i(k) = -k + 1. Let w(n) = o*l(n) + 4*i(n). Calculate the remainder when 37 is divided by w(-2).
11
Suppose 0 = 5*g + 3*w - 223, -3*w - 41 = 5*g - 6*g. What is the remainder when g is divided by 26?
18
Let x = -24 + 26. What is the remainder when 34 is divided by 12*((-3)/(-4))/(1/x)?
16
Let s(l) = 16*l**3 - 2*l**2 + 3*l - 2. Let x be (1/(-4))/((-8)/32). Calculate the remainder when 55 is divided by s(x).
10
Let h = 30 - 15. Let x = 1066 - 602. Suppose 0 = 4*k + 12*k - x. Calculate the remainder when k is divided by h.
14
Let k(r) = -3*r**3 - 12*r**2 - 5*r - 81. Calculate the remainder when k(-6) is divided by 36.
21
Let a be 0/((-7)/(-4) + 5/20). Suppose a = 3*j - 326 + 167. Calculate the remainder when j is divided by 2/2 - 6*-1.
4
Let v(q) = -3*q + 8. Let s(x) = -x + 1. Let d be s(-2). Suppose -m = d*m - 60. Calculate the remainder when v(-7) is divided by m.
14
Let s be (-1 + -2)*(1 - -1). Let f be (-5)/(-15) + (-40)/s. Suppose 3*o + 12 = f*o. What is the remainder when 7 is divided by o?
1
Suppose 9*h - 13*h - 4 = 0, 0 = -o + 4*h + 232. What is the remainder when o is divided by 77?
74
What is the remainder when 178 is divided by -7*13/(455/(-75))?
13
Let u(w) = -w**3 + 10*w**2 + 46*w - 45. What is the remainder when u(13) is divided by 32?
14
Suppose 3*l + 15*v - 16*v - 206 = 0, -l + 78 = -5*v. Suppose 5 - 23 = -j. Calculate the remainder when l is divided by j.
14
Let k(r) = -r**3 + 3*r**2 + 4. Let z be k(3). Suppose 0*p = -z*p + 68. What is the remainder when 3 + 11/((-11)/(-63)) is divided by p?
15
Suppose -10*x = 4*o - 7*x - 289, x = -o + 72. Calculate the remainder when o is divided by 38.
35
Let h = -11 + 18. Let b(i) = 3*i + 3. Let n(v) = v**3 + 21*v**2 + 13. What is the remainder when b(h) is divided by n(-21)?
11
Suppose x - 35 = -3*f, 18*f = 20*f - x - 30. Let d(p) = 2*p**2 - 6*p - 4. What is the remainder when d(8) is divided by f?
11
Suppose 0 = -18*w + 286 - 16. Suppose -w*x = -21*x + 72. Calculate the remainder when x is divided by ((-5)/(-3))/(2/6).
2
Suppose -3*h - m = 146, -h + 161 = -4*h - 4*m. Let l be 1 + (2/1 - h). Let x = -35 + l. Calculate the remainder when 42 is divided by x.
12
Let f = -21 + 25. Let r(g) = -g**2 + 7*g - 4. What is the remainder when f is divided by r(6)?
0
Let r = 277 + -395. Let g = -92 - r. Let i = -9 - -23. Calculate the remainder when g is divided by i.
12
Let y = -287 + 352. Calculate the remainder when 387 is divided by y.
62
What is the remainder when (129 - 1) + (-24)/6 is divided by 37?
13
What is the remainder when (-14)/(-28) - (0 + (-358)/4) is divided by 23?
21
Let x = 8 + -28. Calculate the remainder when (-4)/(-10) + (-492)/x is divided by 7.
4
Let i = 34 + -23. Let q = 23 - 18. Suppose 210 = q*s + 50. Calculate the remainder when s is divided by i.
10
Suppose -2822*n + 2820*n = -16. What is the remainder when 14 is divided by n?
6
Suppose 0 = 2*b - 4*b + 6. Let o(h) = h**3 - 8*h**2 + 6*h - 34. Calculate the remainder when b*(55/(-3))/(-1) is divided by o(8).
13
Let x be 9/(61/16 - 4). Let q = -30 - x. What is the remainder when q is divided by 10?
8
Suppose 12 = -6*t - 42. Let l(r) = -3*r + 3. Calculate the remainder when 84 is divided by l(t).
24
Let g(l) = -2*l + 14. Suppose -3*x - x = 0. What is the remainder when 96 is divided by g(x)?
12
Suppose 4 = 4*d, -2*y - 26 - 7 = d. Let v = 24 + y. What is the remainder when 25 is divided by v?
4
Let t = 421 + -331. Calculate the remainder when t is divided by 23.
21
Let q = 283 - 236. What is the remainder when q is divided by 12?
11
Let q = -1641 - -1788. Calculate the remainder when q is divided by 52.
43
Let s be -9 + (45/(-55) - (-4)/(-22)). Let z = 94 - 179. Calculate the remainder when 34 is divided by z/s - 1/(-2).
7
Let l = 177 + -81. Suppose 0*i - 58 = -i. Let c = l - i. Calculate the remainder when c is divided by 8.
6
Let r = 13 - 11. Let o(h) = 4*h + 1. Let m be o(r). Suppose 3 = 2*l - m. Calculate the remainder when 27 is divided by l.
3
Let j be (-9)/6*-2 + -5. Let n be (6/(-2))/(-3) - j. Suppose 0 = -9*v + n*v + 246. Calculate the remainder when v is divided by 11.
8
Suppose -244 = -49*m + 45*m. Let z = 2 + 2. Suppose z*s - 50 = 34. What is the remainder when m is divided by s?
19
Let k(a) = 32*a**3 - a**2 - 2*a + 3. Let y be -10*(-2)/4 + -4. Calculate the remainder when 126 is divided by k(y).
30
Let a(h) = 117*h**2. Suppose -930 = -59*f - 3*f. What is the remainder when a(-1) is divided by f?
12
Suppose 0 = 5*n - 4*k - 127, -n = 3*n + 4*k - 116. Let z(w) = -105*w - 4. Calculate the remainder when z(-1) is divided by n.
20
Let m(g) be the first derivative of g**3/3 - 5*g**2/2 + 3*g + 6. Let o be m(5). Let u(f) = 3*f**2 + f - 4. Calculate the remainder when u(o) is divided by 7.
5
Suppose 140 = 4*c - 0*c. Let l(z) be the third derivative of -z**4/12 + 3*z**3/2 - 4*z**2. What is the remainder when c is divided by l(0)?
8
Let s = 29 - 22. What is the remainder when s is divided by 7?
0
Let g(q) = 39*q - 2 - 2 - 24*q + 2. What is the remainder when g(1) is divided by 5?
3
Let u = 768 - 530. What is the remainder when u is divided by 35?
28
Let w(h) = 611*h - 168. Calculate the remainder when w(1) is divided by 37.
36
Suppose 4*g + 12 = 0, 4*x + 0*x = -g + 293. Calculate the rema